{"id":9979,"date":"2016-09-05T22:21:43","date_gmt":"2016-09-05T22:21:43","guid":{"rendered":"http:\/\/matibox.com\/site\/?page_id=9979"},"modified":"2018-03-20T08:17:58","modified_gmt":"2018-03-20T08:17:58","slug":"dominios","status":"publish","type":"page","link":"https:\/\/matibox.com\/site\/dominios\/","title":{"rendered":"Dominios"},"content":{"rendered":"<div class=\"wpb-content-wrapper\"><p>[vc_row css=\u00bb.vc_custom_1473114805860{padding-top: 100px !important;padding-bottom: 100px !important;background-image: url(https:\/\/matibox.com\/site\/wp-content\/uploads\/2016\/04\/bajoSearchDomain.jpg?id=9785) !important;}\u00bb][vc_column]<div class=\"section-title  text-center dark-skin\"> <div class=\"ch-heading-line\"><\/div><h3>Compruebe si el dominio que quiere esta disponible?<\/h3><\/div><div class=\"ch-domain-search  dark-skin\" id=\"ch-search-domain69f3d4b2ccf6f\"><div class=\"col-domain\"><div class=\"col-domain-text\"> <input placeholder=\"Enter your domain\" class=\"domain-text\" type=\"text\"><\/div><div class=\"col-options\"><div class=\"col-select\"><select><option value=\"0\">All<\/option><option value=\".com\">.com<\/option><option value=\".net\">.net<\/option><option value=\".org\">.org<\/option><option value=\".club\">.club<\/option><\/select><\/div><a href=\"#\" class=\"btn-search\"><i class=\"fa fa-search\"><\/i><\/a><\/div><\/div><div class=\"ch-domain-results\"><\/div><a href=\"https:\/\/matibox.com\/site\/registro-online\/?ccce=cart&#038;a=add&#038;pid=5\" class=\"ch-domain-more\">Check more domain<\/a><\/div>[\/vc_column][\/vc_row][vc_row full_width=\u00bbstretch_row\u00bb css=\u00bb.vc_custom_1473218083381{background-color: #777777 !important;}\u00bb][vc_column]<div class=\"cloud-box-content  bottom-left\">\r\n                <div class=\"container\">\r\n                    <div class=\"row\">\r\n                        <div class=\"col-md-6 col-sm-6 ch-col-left\">\r\n                            <div class=\"box-title\">PORQUE ES IMPORTANTE<\/div>\r\n                            <div class=\"box-content\"><h3>tener un dominio?<\/h3>\n<p>Tener un dominio es necesario en los actuales momentos, es lo primero que la gente escucha para poder entrar a un sitio o p\u00e1gina web.\u00a0Usted se asegura tener la absoluta administraci\u00f3n de su nombre y este\u00a0puede ser reconocido f\u00e1cilmente en la red.<\/p>\n<h4>Registre su dominio con nosotros desde USD 25,00 anuales.<\/h4>\n<\/div> <a class=\"button btn\" style=\"background-color: rgba(0,0,0,0.01)\" href=\"\" target=\"_self\"><\/a>\r\n                         <\/div>\r\n                        <div class=\"col-md-6 col-sm-6\">\r\n                        \r\n                        <\/div>\r\n                    <\/div>\r\n                    <img decoding=\"async\" class=\"ch-box-content-img\" src=\"https:\/\/matibox.com\/site\/wp-content\/uploads\/2016\/09\/macDomainNEW.png\" alt=\"10148\">\r\n                <\/div>\r\n            <\/div>\r\n            [\/vc_column][\/vc_row][vc_row css=\u00bb.vc_custom_1473038498555{background-color: #000000 !important;}\u00bb][vc_column]<div class=\"cloud-box-content  bottom-right\">\r\n                <div class=\"container\">\r\n                    <div class=\"row\">\r\n                        <div class=\"col-md-5 col-sm-5 ch-col-left\">\r\n                            <div class=\"box-title\">TAMBIEN PUEDE COMBINAR<\/div>\r\n                            <div class=\"box-content\"><h3>Dominio + Hosting<\/h3>\n<p>Si usted ya sabe que su dominio esta disponible, contrate un plan de hosting Matibox. Existen planes de hosting\u00a0con caracter\u00edsticas especiales listas para usted.<\/p>\n<\/div> <a class=\"button btn\"  href=\"https:\/\/matibox.com\/site\/web-hosting\/\" target=\"_self\">Me interesa<\/a>\r\n                         <\/div>\r\n                        <div class=\"col-md-7 col-sm-7\">\r\n                        \r\n                        <\/div>\r\n                    <\/div>\r\n                    <img decoding=\"async\" class=\"ch-box-content-img\" src=\"https:\/\/matibox.com\/site\/wp-content\/uploads\/2016\/09\/hostingDominioNEW.png\" alt=\"10149\">\r\n                <\/div>\r\n            <\/div>\r\n            [\/vc_column][\/vc_row][vc_row full_width=\u00bbstretch_row\u00bb css=\u00bb.vc_custom_1473218121432{background-color: #232323 !important;}\u00bb][vc_column]<div class=\"cloud-box-content  bottom-left\">\r\n                <div class=\"container\">\r\n                    <div class=\"row\">\r\n                        <div class=\"col-md-6 col-sm-6 ch-col-left\">\r\n                            <div class=\"box-title\">COMBINE SU DOMINIO<\/div>\r\n                            <div class=\"box-content\"><h3>con un eMail Corporativo<\/h3>\n<p>Si su deseo es tener mayor formalidad en su presentaci\u00f3n a trav\u00e9s de los correos electr\u00f3nicos, esta es la forma correcta para tener correos en base a su nombre comercial.<\/p>\n<\/div> <a class=\"button btn\"  href=\"https:\/\/matibox.com\/site\/email-corporativo\/\" target=\"_self\">ME INTERESA<\/a>\r\n                         <\/div>\r\n                        <div class=\"col-md-6 col-sm-6\">\r\n                        \r\n                        <\/div>\r\n                    <\/div>\r\n                    <img decoding=\"async\" class=\"ch-box-content-img\" src=\"https:\/\/matibox.com\/site\/wp-content\/uploads\/2016\/09\/dominioemailNEW.png\" alt=\"10151\">\r\n                <\/div>\r\n            <\/div>\r\n            [\/vc_column][\/vc_row][vc_row][vc_column]<div class=\"cloud-clients-carousel \"><div class=\"row\"><div class=\"ft-owl-list\" id=\"images-carousel-69f3d4b2cdef1\"><div class=\"client-item col-md-6 col-sm-6\"><a  target=\"_self\" ><img decoding=\"async\" alt=\"9988\"  src=\"https:\/\/matibox.com\/site\/wp-content\/uploads\/2016\/09\/puntocom-300x202.jpg\"><\/a><\/div><div class=\"client-item col-md-6 col-sm-6\"><a  target=\"_self\" ><img decoding=\"async\" alt=\"9992\"  src=\"https:\/\/matibox.com\/site\/wp-content\/uploads\/2016\/09\/puntoNet-300x202.jpg\"><\/a><\/div><div class=\"client-item col-md-6 col-sm-6\"><a  target=\"_self\" ><img decoding=\"async\" alt=\"9993\"  src=\"https:\/\/matibox.com\/site\/wp-content\/uploads\/2016\/09\/puntoOrg-300x202.jpg\"><\/a><\/div><div class=\"client-item col-md-6 col-sm-6\"><a  target=\"_self\" ><img decoding=\"async\" alt=\"9991\"  src=\"https:\/\/matibox.com\/site\/wp-content\/uploads\/2016\/09\/puntoInfo-300x202.jpg\"><\/a><\/div><\/div><\/div><\/div>[\/vc_column][\/vc_row][vc_row full_width=\u00bbstretch_row_content_no_spaces\u00bb][vc_column]<div class=\"cloud-newletter \">\r\n                <div class=\"container\">\r\n                <div class=\"row\">\r\n                    <div class=\"letter-info\">\r\n                        <div class=\"col-md-4 col-sm-12\">\r\n                            <div class=\"letter-header\">\r\n                                <div class=\"hoz-line hoz-line-1\"><\/div>\r\n                                <div class=\"hoz-line hoz-line-2\"><\/div>\r\n                                <div class=\"hoz-line hoz-line-3\"><\/div>\r\n                                <i class=\"icon-mail-envelope-closed3\"><\/i>\r\n                                <div class=\"hoz-line hoz-line-4\"><\/div>\r\n                                <div class=\"letter-title \">\r\n                                    <span>Our<\/span>\r\n                                    <label>Newsletter<\/label>\r\n                                <\/div>\r\n                            <\/div>\r\n                        <\/div>\r\n                        <div class=\"col-md-8 col-sm-12\">\r\n                            <div class=\"letter-fied\">\r\n                            <script>(function() {\n\twindow.mc4wp = window.mc4wp || {\n\t\tlisteners: [],\n\t\tforms: {\n\t\t\ton: function(evt, cb) {\n\t\t\t\twindow.mc4wp.listeners.push(\n\t\t\t\t\t{\n\t\t\t\t\t\tevent   : evt,\n\t\t\t\t\t\tcallback: cb\n\t\t\t\t\t}\n\t\t\t\t);\n\t\t\t}\n\t\t}\n\t}\n})();\n<\/script><!-- Mailchimp for WordPress v4.10.6 - https:\/\/wordpress.org\/plugins\/mailchimp-for-wp\/ --><form id=\"mc4wp-form-1\" class=\"mc4wp-form mc4wp-form-9163\" method=\"post\" data-id=\"9163\" data-name=\"\" ><div class=\"mc4wp-form-fields\"><input type=\"email\" class=\"mail-field\" name=\"EMAIL\" placeholder=\"Su cuenta de correo\" required \/>\r\n<input type=\"submit\" class=\"mail-submit\" value=\"Send\" \/>\r\n<p>\r\n   \r\n    <label>\r\n        <input name=\"_mc4wp_lists[]\" type=\"checkbox\" value=\"60ef2c5872\" checked> <span>Acepta unirse para recibir promociones?<\/span>\r\n    <\/label>\r\n<\/p>\r\n<\/div><label style=\"display: none !important;\">Deja vac\u00edo este campo si eres humano: <input type=\"text\" name=\"_mc4wp_honeypot\" value=\"\" tabindex=\"-1\" autocomplete=\"off\" \/><\/label><input type=\"hidden\" name=\"_mc4wp_timestamp\" value=\"1777587378\" \/><input type=\"hidden\" name=\"_mc4wp_form_id\" value=\"9163\" \/><input type=\"hidden\" name=\"_mc4wp_form_element_id\" value=\"mc4wp-form-1\" \/><div class=\"mc4wp-response\"><\/div><\/form><!-- \/ Mailchimp for WordPress Plugin -->\r\n                            <\/div>\r\n                        <\/div>\r\n                    <\/div>\r\n                <\/div>\r\n\t\t\t\t<\/div>\r\n\t\t\t<\/div>[\/vc_column][\/vc_row]<\/p>\n<\/div>","protected":false},"excerpt":{"rendered":"<p>[vc_row css=\u00bb.vc_custom_1473114805860{padding-top: 100px !important;padding-bottom: 100px !important;background-image: url(https:\/\/matibox.com\/site\/wp-content\/uploads\/2016\/04\/bajoSearchDomain.jpg?id=9785) !important;}\u00bb][vc_column][\/vc_column][\/vc_row][vc_row full_width=\u00bbstretch_row\u00bb css=\u00bb.vc_custom_1473218083381{background-color: #777777 !important;}\u00bb][vc_column][\/vc_column][\/vc_row][vc_row css=\u00bb.vc_custom_1473038498555{background-color: #000000 !important;}\u00bb][vc_column][\/vc_column][\/vc_row][vc_row full_width=\u00bbstretch_row\u00bb css=\u00bb.vc_custom_1473218121432{background-color: #232323 !important;}\u00bb][vc_column][\/vc_column][\/vc_row][vc_row][vc_column][\/vc_column][\/vc_row][vc_row full_width=\u00bbstretch_row_content_no_spaces\u00bb][vc_column][\/vc_column][\/vc_row]<\/p>\n","protected":false},"author":3,"featured_media":0,"parent":0,"menu_order":0,"comment_status":"closed","ping_status":"closed","template":"template-full-width.php","meta":{"footnotes":""},"class_list":["post-9979","page","type-page","status-publish","hentry"],"_links":{"self":[{"href":"https:\/\/matibox.com\/site\/wp-json\/wp\/v2\/pages\/9979","targetHints":{"allow":["GET"]}}],"collection":[{"href":"https:\/\/matibox.com\/site\/wp-json\/wp\/v2\/pages"}],"about":[{"href":"https:\/\/matibox.com\/site\/wp-json\/wp\/v2\/types\/page"}],"author":[{"embeddable":true,"href":"https:\/\/matibox.com\/site\/wp-json\/wp\/v2\/users\/3"}],"replies":[{"embeddable":true,"href":"https:\/\/matibox.com\/site\/wp-json\/wp\/v2\/comments?post=9979"}],"version-history":[{"count":56,"href":"https:\/\/matibox.com\/site\/wp-json\/wp\/v2\/pages\/9979\/revisions"}],"predecessor-version":[{"id":10183,"href":"https:\/\/matibox.com\/site\/wp-json\/wp\/v2\/pages\/9979\/revisions\/10183"}],"wp:attachment":[{"href":"https:\/\/matibox.com\/site\/wp-json\/wp\/v2\/media?parent=9979"}],"curies":[{"name":"wp","href":"https:\/\/api.w.org\/{rel}","templated":true}]}}